d by 130?
125
Calculate the remainder when 241 is divided by 35.
31
Calculate the remainder when 543 is divided by 116.
79
What is the remainder when 108 is divided by 104?
4
What is the remainder when 1075 is divided by 107?
5
What is the remainder when 1310 is divided by 95?
75
What is the remainder when 1035 is divided by 177?
150
Calculate the remainder when 1050 is divided by 349.
3
Calculate the remainder when 1868 is divided by 464.
12
Calculate the remainder when 126 is divided by 56.
14
What is the remainder when 496 is divided by 230?
36
Calculate the remainder when 491 is divided by 60.
11
What is the remainder when 27 is divided by 20?
7
What is the remainder when 275 is divided by 12?
11
Calculate the remainder when 233 is divided by 219.
14
What is the remainder when 1401 is divided by 1399?
2
What is the remainder when 32 is divided by 3?
2
What is the remainder when 269 is divided by 120?
29
What is the remainder when 1061 is divided by 14?
11
What is the remainder when 722 is divided by 379?
343
Calculate the remainder when 343 is divided by 74.
47
What is the remainder when 469 is divided by 356?
113
Calculate the remainder when 201 is divided by 69.
63
Calculate the remainder when 51 is divided by 21.
9
Calculate the remainder when 255 is divided by 137.
118
What is the remainder when 1012 is divided by 78?
76
What is the remainder when 405 is divided by 82?
77
Calculate the remainder when 717 is divided by 66.
57
Calculate the remainder when 972 is divided by 157.
30
What is the remainder when 247 is divided by 90?
67
What is the remainder when 17792 is divided by 31?
29
Calculate the remainder when 908 is divided by 300.
8
Calculate the remainder when 387 is divided by 158.
71
What is the remainder when 290 is divided by 8?
2
What is the remainder when 545 is divided by 14?
13
What is the remainder when 17 is divided by 8?
1
What is the remainder when 254 is divided by 9?
2
Calculate the remainder when 493 is divided by 71.
67
What is the remainder when 301 is divided by 100?
1
Calculate the remainder when 112 is divided by 24.
16
What is the remainder when 436 is divided by 19?
18
What is the remainder when 362 is divided by 62?
52
Calculate the remainder when 66 is divided by 24.
18
What is the remainder when 184 is divided by 179?
5
What is the remainder when 438 is divided by 111?
105
Calculate the remainder when 1799 is divided by 567.
98
What is the remainder when 1913 is divided by 48?
41
What is the remainder when 240 is divided by 84?
72
Calculate the remainder when 6766 is divided by 24.
22
Calculate the remainder when 383 is divided by 12.
11
What is the remainder when 528 is divided by 25?
3
Calculate the remainder when 595 is divided by 50.
45
Calculate the remainder when 150 is divided by 40.
30
What is the remainder when 204 is divided by 15?
9
What is the remainder when 399 is divided by 89?
43
What is the remainder when 384 is divided by 49?
41
Calculate the remainder when 609 is divided by 4.
1
Calculate the remainder when 5657 is divided by 38.
33
Calculate the remainder when 836 is divided by 14.
10
What is the remainder when 126 is divided by 43?
40
Calculate the remainder when 186 is divided by 89.
8
What is the remainder when 191 is divided by 56?
23
What is the remainder when 1039 is divided by 78?
25
Calculate the remainder when 177 is divided by 112.
65
What is the remainder when 335 is divided by 69?
59
What is the remainder when 73 is divided by 40?
33
Calculate the remainder when 214 is divided by 16.
6
What is the remainder when 476 is divided by 96?
92
Calculate the remainder when 114 is divided by 23.
22
Calculate the remainder when 196 is divided by 22.
20
Calculate the remainder when 16 is divided by 9.
7
What is the remainder when 2757 is divided by 79?
71
Calculate the remainder when 185 is divided by 62.
61
Calculate the remainder when 1569 is divided by 120.
9
Calculate the remainder when 300 is divided by 19.
15
Calculate the remainder when 73 is divided by 56.
17
What is the remainder when 20 is divided by 9?
2
Calculate the remainder when 3940 is divided by 219.
217
Calculate the remainder when 42 is divided by 13.
3
Calculate the remainder when 346 is divided by 14.
10
Calculate the remainder when 456 is divided by 23.
19
Calculate the remainder when 592 is divided by 211.
170
Calculate the remainder when 523 is divided by 15.
13
Calculate the remainder when 282 is divided by 17.
10
What is the remainder when 186 is divided by 51?
33
What is the remainder when 2782 is divided by 58?
56
Calculate the remainder when 5547 is divided by 61.
57
Calculate the remainder when 183 is divided by 48.
39
What is the remainder when 510 is divided by 122?
22
What is the remainder when 20318 is divided by 20?
18
Calculate the remainder when 138 is divided by 48.
42
Calculate the remainder when 32 is divided by 16.
0
What is the remainder when 478 is divided by 296?
182
Calculate the remainder when 776 is divided by 60.
56
Calculate the remainder when 118 is divided by 67.
51
What is the remainder when 1282 is divided by 322?
316
Calculate the remainder when 263 is divided by 155.
108
Calculate the remainder when 953 is divided by 94.
13
Calculate the remainder when 134 is divided by 30.
14
Calculate the remainder when 550 is divided by 155.
85
What is the remainder when 495 is divided by 11?
0
Calculate the remainder when 73 is divided by 15.
13
What is the remainder when 398 is divided by 135?
128
Calculate the remainder when 89 is divided by 20.
9
What is the remainder when 54 is divided by 19?
16
What is the remainder when 1782 is divided by 85?
82
What is the remainder when 153 is divided by 22?
21
What is the remainder when 1073 is divided by 261?
29
What is the remainder when 202 is divided by 73?
56
Calculate the remainder when 73 is divided by 8.
1
Calculate the remainder when 65 is divided by 26.
13
Calculate the remainder when 723 is divided by 114.
39
Calculate the remainder when 186 is divided by 27.
24
Calculate the remainder when 291 is divided by 42.
39
Calculate the remainder when 152 is divided by 51.
50
Calculate the remainder when 120 is divided by 48.
24
Calculate the remainder when 2312 is divided by 9.
8
Calculate the remainder when 314 is divided by 15.
14
Calculate the remainder when 130 is divided by 23.
15
What is the remainder when 205 is divided by 83?
39
Calculate the remainder when 874 is divided by 55.
49
What is the remainder when 2000 is divided by 59?
53
What is the remainder when 3816 is divided by 46?
44
Calculate the remainder when 289 is divided by 98.
93
Calculate the remainder when 346 is divided by 39.
34
Calculate the remainder when 307 is divided by 52.
47
Calculate the remainder when 1325 is divided by 633.
59
Calculate the remainder when 517 is divided by 46.
11
Calculate the remainder when 2925 is divided by 61.
58
What is the remainder when 302 is divided by 61?
58
Calculate the remainder when 1667 is divided by 76.
71
Calculate the remainder when 538 is divided by 90.
88
Calculate the remainder when 73 is divided by 20.
13
What is the remainder when 1104 is divided by 1093?
11
What is the remainder when 173 is divided by 85?
3
Calculate the remainder when 942 is divided by 141.
96
Calculate the remainder when 136 is divided by 41.
13
What is the remainder when 6932 is divided by 17?
13
What is the remainder when 114 is divided by 31?
21
What is the remainder when 362 is divided by 11?
10
Calculate the remainder when 793 is divided by 50.
43
What is the remainder when 137 is divided by 25?
12
What is the remainder when 5201 is divided by 153?
152
Calculate the remainder when 67 is divided by 56.
11
What is the remainder when 182 is divided by 66?
50
What is the remainder when 355 is divided by 115?
10
What is the remainder when 422 is divided by 113?
83
Calculate the remainder when 225 is divided by 38.
35
Calculate the remainder when 1707 is divided by 249.
213
What is the remainder when 162 is divided by 77?
8
Calculate the remainder when 334 is divided by 165.
4
Calculate the remainder when 814 is divided by 48.
46
Calculate the remainder when 120 is divided by 43.
34
Calculate the remainder when 644 is divided by 164.
152
What is the remaind